and 65?
13
What is the highest common divisor of 126 and 602?
14
What is the highest common factor of 150 and 330?
30
What is the highest common factor of 60 and 1050?
30
What is the highest common divisor of 10 and 20?
10
What is the greatest common factor of 329 and 2773?
47
Calculate the highest common factor of 2675 and 50.
25
What is the highest common factor of 77 and 3762?
11
Calculate the greatest common divisor of 9 and 72.
9
What is the greatest common divisor of 3204 and 84?
12
What is the greatest common divisor of 48 and 120?
24
What is the greatest common factor of 1940 and 64?
4
What is the highest common divisor of 238 and 3910?
34
Calculate the greatest common factor of 95 and 10165.
95
What is the highest common divisor of 980 and 147?
49
What is the highest common factor of 12 and 528?
12
Calculate the greatest common divisor of 4 and 29.
1
What is the highest common factor of 2432 and 38?
38
Calculate the greatest common factor of 893 and 38.
19
What is the greatest common divisor of 637 and 196?
49
What is the highest common factor of 1334 and 92?
46
Calculate the highest common divisor of 46 and 575.
23
What is the highest common divisor of 53 and 1219?
53
What is the highest common divisor of 2 and 731?
1
Calculate the greatest common divisor of 66 and 858.
66
What is the greatest common factor of 17 and 12053?
17
What is the greatest common factor of 1614 and 42?
6
Calculate the greatest common factor of 116 and 4.
4
What is the greatest common divisor of 54 and 702?
54
What is the greatest common divisor of 1463 and 77?
77
Calculate the greatest common divisor of 1435 and 35.
35
Calculate the greatest common factor of 198 and 308.
22
Calculate the highest common factor of 315 and 135.
45
Calculate the greatest common divisor of 82 and 246.
82
Calculate the highest common divisor of 4 and 6548.
4
What is the greatest common divisor of 774 and 4128?
258
Calculate the highest common factor of 11 and 990.
11
What is the greatest common divisor of 60 and 1580?
20
Calculate the highest common factor of 189 and 54.
27
Calculate the greatest common divisor of 64 and 200.
8
What is the highest common divisor of 344 and 215?
43
What is the highest common divisor of 92 and 64?
4
Calculate the greatest common divisor of 63 and 105.
21
Calculate the highest common divisor of 416 and 26.
26
What is the highest common divisor of 868 and 1116?
124
What is the greatest common divisor of 8 and 2808?
8
What is the greatest common factor of 504 and 4312?
56
Calculate the highest common divisor of 636 and 159.
159
What is the highest common factor of 15 and 2435?
5
Calculate the greatest common divisor of 54 and 298.
2
What is the highest common divisor of 621 and 27?
27
Calculate the greatest common factor of 32 and 5288.
8
Calculate the greatest common divisor of 13 and 9477.
13
Calculate the highest common factor of 2144 and 4690.
134
What is the highest common factor of 1748 and 16?
4
What is the greatest common factor of 30 and 400?
10
What is the greatest common divisor of 2070 and 8487?
207
What is the highest common factor of 3431 and 94?
47
Calculate the highest common factor of 816 and 22644.
204
What is the highest common divisor of 7 and 20573?
7
What is the highest common divisor of 180 and 2630?
10
Calculate the greatest common factor of 54 and 15471.
27
What is the greatest common factor of 377 and 13?
13
Calculate the greatest common factor of 81 and 4005.
9
Calculate the greatest common factor of 1188 and 1728.
108
What is the greatest common factor of 1088 and 1696?
32
What is the highest common factor of 108 and 27?
27
What is the highest common factor of 17 and 4896?
17
Calculate the highest common factor of 186 and 589.
31
Calculate the highest common factor of 57 and 152.
19
What is the highest common factor of 12699 and 153?
153
Calculate the greatest common divisor of 19 and 31711.
19
Calculate the highest common factor of 1653 and 87.
87
Calculate the highest common factor of 84 and 546.
42
Calculate the greatest common factor of 272 and 612.
68
What is the greatest common factor of 403 and 13?
13
Calculate the greatest common factor of 16 and 488.
8
What is the highest common factor of 139 and 19321?
139
What is the highest common factor of 144 and 1488?
48
Calculate the highest common divisor of 2 and 1192.
2
Calculate the greatest common divisor of 155 and 961.
31
Calculate the greatest common divisor of 155 and 45.
5
What is the greatest common divisor of 187 and 51?
17
Calculate the greatest common divisor of 2378 and 58.
58
What is the greatest common factor of 11 and 363?
11
Calculate the highest common divisor of 65 and 6175.
65
What is the greatest common factor of 144 and 9?
9
What is the greatest common factor of 60 and 405?
15
Calculate the greatest common factor of 50 and 8900.
50
What is the highest common divisor of 11877 and 222?
111
What is the greatest common divisor of 100 and 2450?
50
What is the highest common factor of 8829 and 81?
81
Calculate the highest common divisor of 1909 and 207.
23
Calculate the highest common factor of 18 and 3003.
3
Calculate the highest common divisor of 192 and 512.
64
What is the highest common factor of 392 and 49?
49
Calculate the highest common divisor of 1512 and 48.
24
What is the greatest common factor of 5208 and 504?
168
Calculate the highest common factor of 675 and 855.
45
Calculate the highest common factor of 27 and 189.
27
Calculate the highest common divisor of 83 and 1328.
83
Calculate the greatest common divisor of 84 and 224.
28
Calculate the highest common divisor of 126 and 90.
18
What is the highest common factor of 1036 and 28?
28
What is the greatest common divisor of 215 and 6?
1
Calculate the highest common factor of 286 and 78.
26
What is the greatest common divisor of 38512 and 16?
16
Calculate the highest common factor of 5476 and 74.
74
Calculate the highest common factor of 651 and 1581.
93
Calculate the greatest common divisor of 22 and 33088.
22
What is the highest common divisor of 9 and 549?
9
What is the highest common factor of 869 and 237?
79
Calculate the highest common divisor of 12 and 102.
6
What is the greatest common divisor of 583 and 22?
11
What is the greatest common divisor of 77 and 1133?
11
What is the highest common divisor of 26 and 19?
1
What is the greatest common divisor of 34 and 6?
2
What is the highest common factor of 195 and 2275?
65
Calculate the highest common divisor of 8 and 1448.
8
What is the greatest common factor of 96 and 32928?
96
What is the highest common factor of 19908 and 12?
12
What is the highest common divisor of 756 and 288?
36
Calculate the highest common divisor of 270 and 10935.
135
What is the greatest common factor of 118 and 2773?
59
Calculate the greatest common divisor of 2085 and 6.
3
What is the greatest common divisor of 165 and 13596?
33
Calculate the highest common divisor of 340 and 17425.
85
What is the greatest common factor of 12493 and 13?
13
Calculate the greatest common divisor of 40 and 7270.
10
Calculate the greatest common divisor of 24 and 192.
24
Calculate the greatest common factor of 780 and 13.
13
Calculate the greatest common divisor of 24641 and 41.
41
What is the greatest common divisor of 40 and 712?
8
What is the greatest common factor of 102 and 986?
34
Calculate the highest common factor of 39 and 481.
13
Calculate the greatest common divisor of 2072 and 308.
28
Calculate the highest common divisor of 28 and 16.
4
Calculate the highest common factor of 136 and 1598.
34
What is the highest common divisor of 7 and 181?
1
Calculate the greatest common divisor of 41960 and 40.
40
What is the greatest common divisor of 336 and 1092?
84
What is the highest common factor of 30 and 13095?
15
Calculate the greatest common factor of 119 and 4333.
7
What is the highest common divisor of 830 and 10?
10
Calculate the highest common divisor of 2100 and 882.
42
Calculate the greatest common factor of 580 and 5684.
116
What is the highest common factor of 48 and 656?
16
What is the greatest common factor of 133 and 77?
7
What is the greatest common divisor of 18681 and 195?
39
Calculate the greatest common divisor of 160 and 96.
32
Calculate the highest common fac